 x = 16 + h. List the prime factors of x.
2, 3
Let r = -101 + 101. Suppose -7*n + 1240 + 41 = r. What are the prime factors of n?
3, 61
Let z(d) = -87*d**3 + d. Let q be z(1). Suppose 3*i + 2*f + 175 = 0, 362 - 68 = -5*i - f. Let j = i - q. What are the prime factors of j?
3
Let w = 14 - 3. Let z = 23 - w. Suppose -2*l + z = -3*g + 1, -4*g + 33 = l. What are the prime factors of l?
13
What are the prime factors of 1232/6*168/112?
2, 7, 11
What are the prime factors of (-2)/(30/(-9)) - 8541/(-15)?
2, 3, 5, 19
Let t(f) = -7*f - 15 - 31*f**2 + 17*f**2 + 17*f**2. What are the prime factors of t(7)?
83
Let x = 34 + 18. Suppose c = -21 + x. List the prime factors of c.
31
Let g(n) = -n**2 + 11*n - 2. Let o be g(11). Let m be o/(-3) - 880/(-3). Suppose -66 = -8*x + m. What are the prime factors of x?
3, 5
Suppose 2*o + o - 24 = a, -2*o + a = -17. Suppose 0 = -o*s + 3*s + 144. What are the prime factors of s?
2, 3
List the prime factors of 0 - -214 - (-976)/122.
2, 3, 37
Let m(z) = 14*z**2 + 2*z - 5. Let h(g) = g**2 + 4*g - 3. Let t be h(-5). List the prime factors of m(t).
5, 11
Suppose 0 = 4*b - 3 - 13. Suppose -b*z + z = -87. Let g = z - -3. List the prime factors of g.
2
Let w(f) = -16*f - 342. List the prime factors of w(-27).
2, 3, 5
Suppose -5*z = 3*y - 0*y - 30, -4*y + 29 = 3*z. Let s(d) = d - 3. Let k be s(z). Suppose k*h - 33 = -h. List the prime factors of h.
3, 11
Suppose -39*a + 41*a = 2120. Suppose 0 = -17*p + 22*p - a. What are the prime factors of p?
2, 53
Suppose 57*o - 60501 = 14*o. List the prime factors of o.
3, 7, 67
Let j = -143 + 231. Suppose -2*f - j = -4*f. Suppose -i - f = -3*i. What are the prime factors of i?
2, 11
Let q(o) = 146*o + 207. What are the prime factors of q(15)?
3, 17, 47
Suppose -466 = -7*q + 108. What are the prime factors of q?
2, 41
Let b = 46 + -16. Suppose b*z - 20 = 25*z. Suppose z*l - 108 = 36. What are the prime factors of l?
2, 3
Suppose 4*b = 5*c + 5 + 6, 13 = -3*c + 4*b. Let m be 0 - -20*(c + 3). Suppose -m = 5*k - 9*k. What are the prime factors of k?
2, 5
Let s(w) be the second derivative of -w**6/360 + 3*w**5/40 + w**4/4 + w**3/2 - w. Let v(u) be the second derivative of s(u). What are the prime factors of v(5)?
2, 13
What are the prime factors of 3*(-20)/15 - -158?
2, 7, 11
Suppose 0 = 3*u + 11 + 13. Let i(l) = l + 13. What are the prime factors of i(u)?
5
Suppose 17*u - 15*u - 2720 = 2*w, 5*w = 4*u - 5438. What are the prime factors of u?
2, 3, 227
Let y = 2682 - 1856. List the prime factors of y.
2, 7, 59
Suppose 0 = -5*t + 2*t - 36. Let i(y) be the third derivative of y**6/120 + 13*y**5/60 + 11*y**4/24 - 4*y**3/3 - 3*y**2. List the prime factors of i(t).
2
Let k = -9 - -12. List the prime factors of 64 + (5 - (k + 0)*1).
2, 3, 11
Let f = -152 - -245. Suppose 0 = 2*p - y - f, p + 0*y - 2*y - 51 = 0. Let j = 67 - p. List the prime factors of j.
2, 11
Let i(x) = -15*x**3 + x**2 - 2*x + 2. Let w be i(-2). Suppose -8*b = -3*b - w. What are the prime factors of b?
2, 13
Let y be 1/(24/9 - 3). Let p = y - -25. Suppose 1 = -3*z + p. List the prime factors of z.
7
Let d = 1250 - 477. List the prime factors of d.
773
Suppose -3*u + 13 = 4. Suppose -4*b - 13 = u. Let i(v) = -v**3 - 4*v**2 - 2*v + 2. What are the prime factors of i(b)?
2, 5
Suppose -6 = y + 2*y, 0 = -4*n - 4*y - 712. Let i = -510 + 418. Let g = i - n. What are the prime factors of g?
2, 3, 7
Suppose 5*d + 5*r = 1415, 48 = -4*d + 5*r + 1216. Suppose -w + o = 3*w - d, -w + 68 = -4*o. What are the prime factors of w?
2, 3
Let r(d) = 2*d - 9. Let h be r(-3). List the prime factors of (564/h)/((-2)/5 + 0).
2, 47
Let q be (-1045)/(-2) + 12/8. Suppose -q = -10*n + 96. List the prime factors of n.
2, 31
Let u(k) = -k**3 + 6*k**2 - 4*k - 2. Let t be u(5). Suppose 11 + 97 = t*g. What are the prime factors of g?
2, 3
Let h(g) = -g + 7. Let d be h(3). Suppose -k - 315 = d*k. Let v = 94 + k. List the prime factors of v.
31
Suppose 0 = -5*u + 11*u - 18. Suppose u*q + k - 258 = -2*k, -178 = -2*q + k. What are the prime factors of q?
2, 11
Suppose 5*a - f - f + 22 = 0, a = -5*f + 1. List the prime factors of 6/a + (-4641)/(-34).
3, 5
Suppose 3*f - 3*a - 6794 = -2*a, -3*f - 4*a + 6784 = 0. List the prime factors of f.
2, 283
Suppose -3*g + g = -4*w - 16, 5*g = -w + 18. Let r be 1 + 4*1/g. What are the prime factors of 2*(2 + r) + 0?
2
Let h = 2253 + -280. What are the prime factors of h?
1973
Suppose 2*f - 15 = -n - f, -27 = -n + 3*f. Suppose -n*v - 208 = -23*v. List the prime factors of v.
2, 13
Let a(h) = 2*h**3 + 40*h**2 - 114. What are the prime factors of a(-16)?
2, 967
Let c(q) be the second derivative of q**5/20 + 5*q**4/12 + 5*q**3/6 + 4*q**2 - 4*q. Let l be c(-5). Let s = 47 + l. List the prime factors of s.
2, 3, 5
Let s = -56 + -9. Let d = s + 77. What are the prime factors of d?
2, 3
Let w = -602 + 1037. Suppose 0 = 5*i + 2*h - w, 3*i - 348 = -i - 2*h. List the prime factors of i.
3, 29
Suppose 4*j - 5506 = -2*q, -3*j - 3*q = -4*j + 1366. List the prime factors of j.
5, 11
Let j be (-4)/2*(-1176)/16. Suppose -2*a = 5*k + 2*a - j, -161 = -5*k + 3*a. What are the prime factors of k?
31
Let v(x) = -7*x - 11. Let d be v(-4). Let r = 11 + d. What are the prime factors of r?
2, 7
Let h = 387 + 1714. List the prime factors of h.
11, 191
Let d(k) = 55*k**2 - 8*k - 3. List the prime factors of d(-3).
2, 3, 43
Suppose 0 = -4*f - 16, -31*z = -34*z - f + 4397. What are the prime factors of z?
3, 163
Suppose -2*a - f + 327 = 0, -2*a + 107 + 190 = -5*f. Let n = a + -107. List the prime factors of n.
2, 3
Let b(y) = 199*y**2 + 2*y - 3. Let s be b(3). Suppose -s - 3456 = 2*j. List the prime factors of j/(-56) + (-3)/(-24).
47
Suppose 21 = 3*b - 4*b. Let x = -15 - b. Suppose -3*d - x = -l, 2*l + d - 32 = 2*d. List the prime factors of l.
2, 3
Let i(z) = 2*z - 14. Let j be i(11). Let h be 18/4*j/(-12). What are the prime factors of ((-2)/4)/(h/108)?
2, 3
Let t be 3/1 + 0/1. Suppose 5*z - s = 3*s + 182, 0 = 5*z - t*s - 184. List the prime factors of z.
2, 19
Suppose -6*l - 3*c + 3021 = -l, 3*l = -5*c + 1819. Suppose 0 = 3*g - 102 - l. List the prime factors of g.
5, 47
Let z(m) = -18*m + 4. Let u be z(-1). Let p = u + 49. List the prime factors of p.
71
Let m(n) = n**3 - 14*n**2 + 21*n + 18. Let s(h) = -2*h**3 + 13*h**2 - 22*h - 17. Let y(z) = -3*m(z) - 2*s(z). List the prime factors of y(-17).
2, 7
Let b = 54 + -34. Suppose p - b = 15. List the prime factors of p.
5, 7
Let y(p) = 11*p + 60. Let v be y(-4). Let f(z) = z**3 + 11*z**2 + 10*z + 6. Let u be f(-10). Let t = u + v. List the prime factors of t.
2, 11
Suppose -3*n + 71*g + 11545 = 67*g, -4*g = -8. What are the prime factors of n?
3851
What are the prime factors of (2024/(-33))/((-4)/144)?
2, 3, 23
Suppose -18*m + 28360 = 7642. List the prime factors of m.
1151
Let o(f) = -f**2 + 5*f - 3. Suppose -4*t = -2*t - 6. Let q be o(t). Suppose 3*x = p + 4 + q, 2*p = -5*x + 19. What are the prime factors of x?
3
Let x(b) = -3*b**2 - 3*b - 6. Let n(w) = -1. Let v(s) = -1. Let l(y) = -2*n(y) + 3*v(y). Let c(r) = 12*l(r) - x(r). What are the prime factors of c(-5)?
2, 3
Let q = 10 + -7. Suppose 0*p + p + q = 0. List the prime factors of p/((-180)/56 - -3).
2, 7
Let p(d) = d. Let u be p(4). Suppose -u*o + 5*o = 6. Suppose -12 = -o*y + 4*y. List the prime factors of y.
2, 3
Let o be -1 + 15/3*12. Let y = o - 19. What are the prime factors of y?
2, 5
Let t(n) = -n - 1. Let u be 6/(-5) - (-2)/10. Let h be t(u). Let w(c) = c + 14. List the prime factors of w(h).
2, 7
Suppose h - 4*m - 990 = 0, 0 = -2*h - 5*m + 2045. What are the prime factors of h?
2, 5, 101
Let l be (3/(-3) + 0)*(-2 - -98). Let v = -69 - l. List the prime factors of v.
3
Suppose -4*i - 80 = -324. Let k = 10 + i. What are the prime factors of k?
71
Suppose 5*f - 5*j = 1285, -f - f = -4*j - 516. What are the prime factors of f?
2
Let w = -73 - 51. Let q = 67 - w. What are the prime factors of q?
191
List the prime factors of (1820/78)/(4/258).
5, 7, 43
Let j(o) = 3*o**3 - 16*o**2 - 27*o - 31. List the prime factors of j(13).
5, 701
Suppose -62*a + 96*a - 93058 = 0. List the prime factors of a.
7, 17, 23
Let i = 548 + -101. What are the prime factors of i?
3, 149
Let l = 1480 + -488. What are the prime factors of l?
2, 31
Let y be 2 + (-3 - -2)/(-1).